d 9300?
372
What is the highest common divisor of 735 and 67065?
15
Calculate the greatest common divisor of 3481 and 4897.
59
Calculate the highest common divisor of 544 and 493.
17
Calculate the highest common factor of 347154 and 30.
6
Calculate the highest common factor of 3298 and 34.
34
Calculate the greatest common divisor of 12 and 51036.
12
Calculate the greatest common factor of 212347 and 2329.
17
What is the highest common factor of 14529 and 24?
3
Calculate the highest common factor of 50064 and 16464.
336
Calculate the greatest common divisor of 493658 and 5434.
418
What is the greatest common factor of 1888 and 13408?
32
What is the greatest common divisor of 215007 and 296?
37
What is the highest common divisor of 1044066 and 2664?
222
Calculate the highest common divisor of 12869122 and 14.
14
What is the greatest common factor of 4112 and 2048?
16
What is the greatest common factor of 1529687 and 131?
131
What is the highest common factor of 600696 and 5768?
824
What is the highest common divisor of 353215 and 5?
5
What is the highest common divisor of 2162592 and 1440?
288
Calculate the greatest common factor of 188008 and 14200.
568
Calculate the highest common divisor of 147 and 17472.
21
What is the greatest common divisor of 46 and 1681346?
46
Calculate the greatest common divisor of 7225 and 50286.
289
Calculate the greatest common divisor of 21675 and 675.
75
What is the highest common factor of 295358 and 16352?
1022
Calculate the greatest common divisor of 201 and 6005545.
67
What is the greatest common factor of 587 and 334003?
587
What is the greatest common divisor of 1059305 and 1118?
559
Calculate the highest common divisor of 24 and 1480.
8
What is the greatest common factor of 1204602 and 138?
138
Calculate the highest common divisor of 1200 and 420700.
100
What is the greatest common divisor of 4530 and 136050?
30
What is the highest common divisor of 468 and 90675?
117
Calculate the greatest common factor of 2413 and 5263.
19
What is the highest common divisor of 251 and 25153463?
251
Calculate the greatest common factor of 46 and 20470.
46
Calculate the highest common factor of 7704 and 1656.
72
Calculate the greatest common factor of 1254 and 508.
2
What is the greatest common divisor of 952 and 9688?
56
What is the highest common factor of 697 and 2876519?
697
Calculate the highest common factor of 112 and 12464.
16
Calculate the highest common factor of 8 and 1603.
1
Calculate the highest common factor of 7817226 and 1068.
534
What is the greatest common divisor of 71 and 1056267?
71
What is the greatest common divisor of 84152 and 152?
8
What is the highest common factor of 68541 and 16368?
1023
What is the greatest common divisor of 5490 and 198?
18
Calculate the greatest common divisor of 221 and 20579.
13
What is the highest common factor of 56793 and 1023?
33
What is the greatest common factor of 2456310 and 20?
10
Calculate the highest common factor of 165 and 8635.
55
What is the highest common divisor of 369459 and 63?
9
What is the highest common factor of 14 and 643657?
7
Calculate the highest common factor of 164 and 37187.
41
What is the highest common factor of 750828 and 156?
156
Calculate the greatest common divisor of 3768 and 2442.
6
Calculate the greatest common divisor of 1431 and 1697166.
1431
What is the greatest common factor of 1268015 and 35?
35
Calculate the greatest common divisor of 79225 and 2150.
25
What is the highest common factor of 9016 and 135884?
644
Calculate the greatest common divisor of 3498 and 825.
33
Calculate the greatest common divisor of 1280 and 8135.
5
Calculate the highest common divisor of 315 and 5490.
45
Calculate the greatest common divisor of 9905 and 560.
35
Calculate the highest common divisor of 272517 and 1596.
399
What is the greatest common factor of 260061 and 46?
23
Calculate the highest common factor of 75151 and 892.
223
Calculate the greatest common factor of 191 and 73153.
191
Calculate the greatest common factor of 99684 and 45981.
351
Calculate the greatest common factor of 1259346 and 264.
66
Calculate the greatest common divisor of 5795 and 710467.
1159
Calculate the highest common factor of 78690 and 3111.
183
Calculate the highest common factor of 6 and 354.
6
Calculate the greatest common factor of 23522 and 13618.
1238
Calculate the highest common divisor of 6 and 179121.
3
What is the highest common factor of 22043 and 4277?
329
What is the greatest common factor of 195 and 47086?
13
What is the greatest common factor of 86 and 1322938?
86
Calculate the highest common factor of 409039 and 911.
911
Calculate the highest common factor of 306 and 8865738.
306
What is the greatest common factor of 344 and 50482?
86
Calculate the greatest common divisor of 23571 and 297.
27
What is the highest common factor of 640044 and 138?
138
Calculate the highest common divisor of 19800 and 154.
22
What is the greatest common divisor of 14828 and 572?
44
Calculate the highest common factor of 321778 and 1383.
461
Calculate the highest common divisor of 16134 and 6.
6
What is the greatest common divisor of 396 and 407627?
11
What is the highest common divisor of 238 and 224638?
34
Calculate the greatest common divisor of 22584 and 1384.
8
Calculate the highest common factor of 24 and 141798.
6
Calculate the highest common factor of 14832 and 32.
16
Calculate the highest common factor of 12265 and 1540.
55
Calculate the highest common divisor of 2054 and 237.
79
What is the greatest common factor of 665 and 10395?
35
What is the greatest common factor of 3213 and 1512?
189
What is the highest common factor of 46 and 171649?
23
Calculate the highest common divisor of 25 and 2287.
1
Calculate the highest common divisor of 37269 and 5.
1
Calculate the greatest common factor of 186 and 197997.
93
What is the highest common divisor of 2568117 and 82?
41
What is the highest common divisor of 51306 and 1836?
102
What is the greatest common factor of 24 and 57592?
8
What is the greatest common divisor of 2786 and 112?
14
Calculate the highest common divisor of 672 and 1440.
96
Calculate the highest common divisor of 234 and 1616.
2
What is the greatest common factor of 2 and 41719?
1
What is the greatest common factor of 90 and 34098?
6
What is the greatest common factor of 207 and 362871?
207
What is the greatest common factor of 9366 and 35234?
446
What is the greatest common divisor of 8886 and 144?
6
Calculate the highest common divisor of 13 and 566761.
13
Calculate the greatest common factor of 135322 and 44.
22
Calculate the greatest common divisor of 26924 and 15748.
508
What is the greatest common factor of 26220 and 115?
115
Calculate the highest common divisor of 9984 and 33.
3
What is the highest common factor of 204150 and 300?
150
Calculate the greatest common factor of 2864745 and 531.
531
What is the greatest common factor of 245 and 8895?
5
Calculate the greatest common divisor of 8 and 419.
1
Calculate the highest common factor of 6641 and 6583.
29
What is the greatest common divisor of 603359 and 259?
37
Calculate the highest common factor of 1031557 and 337.
337
What is the greatest common factor of 392 and 1148?
28
Calculate the greatest common divisor of 1020922 and 14.
14
What is the greatest common divisor of 23435 and 30738?
109
Calculate the greatest common divisor of 10918 and 12137.
53
Calculate the greatest common factor of 624956 and 92.
92
What is the highest common factor of 108 and 795132?
36
Calculate the greatest common divisor of 2023 and 27608.
119
Calculate the highest common divisor of 55 and 382195.
55
What is the highest common divisor of 9622 and 51?
17
Calculate the greatest common divisor of 315 and 3024.
63
Calculate the greatest common divisor of 465 and 225463.
31
Calculate the highest common factor of 4692 and 8568.
204
What is the highest common factor of 1315 and 140?
5
What is the highest common factor of 22 and 397507?
11
What is the greatest common divisor of 2497402 and 34?
34
What is the greatest common factor of 19807 and 1189?
29
What is the greatest common divisor of 3224 and 3016?
104
Calculate the greatest common factor of 161607 and 11742.
309
Calculate the highest common divisor of 518468 and